o(v) = -4*v + 34. What is o(9)?
-2
Let n(h) = -h**3 - 5*h**2 + 8*h - 1. Calculate n(-6).
-13
Let r(z) = -9*z + 4. Give r(-3).
31
Let a(z) = z**3 + 5*z**2 + 2*z + 8. Give a(-5).
-2
Let b(r) = r**3 + r**2 - 3*r + 12. What is b(0)?
12
Let g(j) = j**2 - 10*j - 5. What is g(11)?
6
Let u(n) = n**3 - 14*n**2 - 14*n - 15. What is u(15)?
0
Let p(l) = l**3 - 7*l**2 - 12*l + 74. Give p(7).
-10
Let j(v) = v + 12. Determine j(-6).
6
Let b(p) = -p - 23. Calculate b(-7).
-16
Let b(m) = -m**2 + 11*m - 1. Determine b(11).
-1
Let f(s) = -s**2 + 2. What is f(4)?
-14
Let v(a) = -2*a**2 + 4*a - 1. What is v(3)?
-7
Let w(j) = -2*j**3 - 7*j**2 - 7*j - 5. What is w(-4)?
39
Let m(h) = 4*h**2 - 48*h - 1. Give m(12).
-1
Let r(g) = -g**3 + 7*g**2 + 4*g - 12. Calculate r(3).
36
Let z(a) = a**2 + 5*a + 7. Calculate z(-1).
3
Let n(f) = -f**2 + f - 4. Determine n(0).
-4
Let j(b) = b**2 - 3*b + 1. What is j(1)?
-1
Let q(c) = -c**3 + 7*c**2 + 14*c + 55. What is q(9)?
19
Let l(v) = v**2 - 7*v + 4. Determine l(6).
-2
Let t(w) = w**2 - 8*w + 24. Determine t(6).
12
Let w(x) = 2*x**2 - 8*x - 6. Determine w(4).
-6
Let n(u) = u**3 + 5*u**2 + u + 2. Determine n(-5).
-3
Let s(r) = 15*r**2 - 2*r + 2. Determine s(1).
15
Let r(h) = -2*h**2 + 11*h + 2. What is r(9)?
-61
Let k(o) = -o**3 - o + 19. Give k(0).
19
Let j(a) = -3*a - 9. Give j(-5).
6
Let l(w) = -w**2 - 7*w + 45. Give l(4).
1
Let m(x) = x**2 - 3. What is m(3)?
6
Let b(m) = -2*m**2 + 36*m - 34. What is b(17)?
0
Let v(m) = -m**2 - 6*m - 12. Give v(-4).
-4
Let j(k) = 14*k**2 - 65*k - 14. Give j(5).
11
Let n(o) = o**3 - 2*o**2 + 3*o - 1. What is n(2)?
5
Let u(i) = i**3 - i**2 - 8*i - 16. Calculate u(-3).
-28
Let f(m) = -13*m**2. Determine f(1).
-13
Let i(x) = -x**3 - 3*x**2 + 4*x - 5. Determine i(2).
-17
Let i(j) = -9*j + 79. What is i(6)?
25
Let f(h) = -h**2 - 38*h - 249. What is f(-8)?
-9
Let g(h) = 27*h + 214. Determine g(-8).
-2
Let y(q) = -6*q**2 + 3*q - 3. What is y(3)?
-48
Let u(i) = 25*i + 6. Give u(0).
6
Let g(w) = 376*w - 1130. Calculate g(3).
-2
Let z(o) = 15*o - 35. Calculate z(3).
10
Let b(z) = 14*z**2 + 2*z + 3. What is b(-2)?
55
Let l(q) = -q**3 - 4*q**2 + q + 2. What is l(-5)?
22
Let x(a) = -a**2 - 20*a - 20. Determine x(-19).
-1
Let m(f) = -29*f - 7. Determine m(-1).
22
Let h(v) = v**2 - 25*v - 20. Calculate h(23).
-66
Let a(d) = -d**3 - 18*d**2 - 14*d + 41. Determine a(-17).
-10
Let s(v) = v**3 + 13*v**2 - 14*v + 17. Determine s(-14).
17
Let m(t) = -2*t**2 + 24*t - 77. Give m(4).
-13
Let s(p) = -8*p**3 - 3*p + 2. Determine s(1).
-9
Let n(o) = -3*o**2 + 8*o - 8. Give n(4).
-24
Let k(r) = -2*r**2 + r - 4. Calculate k(-3).
-25
Let s(w) = -4*w + 27. Give s(7).
-1
Let m(y) = -2*y**3 + y**2 - 2*y - 1. Give m(2).
-17
Let h(c) = -2*c + 44. Calculate h(11).
22
Let v(c) = 31*c + 88. Calculate v(-3).
-5
Let n(a) = -2*a + 37. Determine n(4).
29
Let v(u) = 2*u - 1. Calculate v(-4).
-9
Let j(w) = -w + 11. Determine j(11).
0
Let v(i) = i**3 + 18*i**2 + 14*i - 56. What is v(-17)?
-5
Let h(w) = 13*w - 46. Calculate h(3).
-7
Let r(h) = 20*h - 9. Determine r(-7).
-149
Let p(c) = -5*c - 43. Determine p(-19).
52
Let d(x) = -2*x + 4. What is d(0)?
4
Let d(r) = -r**3 + 5*r**2 - 5*r + 2. Give d(4).
-2
Let d(p) = -2*p**3 - 2*p**2 + p + 4. Calculate d(-4).
96
Let t(d) = -d**2 + 2*d + 3. Determine t(-2).
-5
Let p(w) = -15*w + 12. Calculate p(2).
-18
Let h(x) = 2*x**2 - 16*x - 4. Give h(8).
-4
Let h(a) = 11*a - 5. What is h(7)?
72
Let k(j) = 4*j + 80. Determine k(-24).
-16
Let l(r) = -20*r**2 - 1. Give l(-1).
-21
Let l(h) = -h**3 - 13*h**2 - 26*h + 8. Give l(-3).
-4
Let f(b) = -b + 12. Determine f(16).
-4
Let p(f) = -f**2 + 21*f - 68. Determine p(19).
-30
Let r(c) = c**3 + 4*c**2 + 2*c + 3. What is r(-4)?
-5
Let o(l) = -l - 5. What is o(-6)?
1
Let g(j) = -20*j - 4. Calculate g(-1).
16
Let w(k) = 4*k + 32. What is w(-14)?
-24
Let l(b) = b**3 - 2*b**2 + 2*b. Give l(2).
4
Let p(c) = -c**3 - 11*c**2 - c - 9. Give p(-11).
2
Let v(i) = 2*i**3 - 5*i**2 + 7. Determine v(-3).
-92
Let s(p) = -15*p + 4. Determine s(-4).
64
Let c(j) = 49*j - 13. Give c(1).
36
Let x(j) = j**3 + j**2 + 4*j - 68. Determine x(0).
-68
Let g(p) = -11*p**3 - p**2 - 2*p. Give g(-1).
12
Let j(w) = w**2 + 3*w - 11. What is j(5)?
29
Let j(n) = n**2 + 12*n - 16. Determine j(-13).
-3
Let t(v) = -13*v - 62. Determine t(-4).
-10
Let b(c) = c**3 + 13*c**2 + 17*c + 56. Determine b(-12).
-4
Let x(n) = -n**3 - 39*n**2 - 248*n - 9. Determine x(-8).
-9
Let b(w) = 4*w. Give b(-2).
-8
Let k(c) = -c**2 - c + 13. Calculate k(0).
13
Let o(t) = t**2 - 9*t - 10. Determine o(9).
-10
Let x(f) = -5*f**3 - f. What is x(-1)?
6
Let d(i) = 77*i**3 + 3*i**2 + i - 1. Determine d(1).
80
Let f(n) = -2*n + 1. Calculate f(13).
-25
Let x(g) = -3*g - 157. Give x(-45).
-22
Let n(y) = -4*y**3 + 2*y**2 + 2*y - 1. Calculate n(2).
-21
Let g(b) = b**3 + b**2 + b + 10. Calculate g(0).
10
Let b(v) = 2*v**3 - 19*v**2 + 3*v + 26. Calculate b(9).
-28
Let u(b) = b**2 + 5*b - 19. What is u(-13)?
85
Let a(l) = -7*l + 15. Give a(-5).
50
Let l(k) = k**2 - 8*k + 18. Calculate l(4).
2
Let b(o) = o + 3. What is b(11)?
14
Let w(t) = 3*t + 23. Give w(-4).
11
Let b(o) = -o**3 + 12*o**2 + 4. What is b(12)?
4
Let v(b) = 7*b**2 - 54*b - 11. What is v(8)?
5
Let b(h) = -h**3 - 9*h**2 + h - 1. Determine b(-9).
-10
Let l(r) = r**3 - 7*r**2 - 36*r + 54. Give l(10).
-6
Let j(h) = 4*h**2 - 46*h + 28. Determine j(13).
106
Let g(c) = -c**3 + 2*c + 2. Calculate g(-1).
1
Let z(b) = b**3 - 19*b**2 + 33*b + 22. Give z(17).
5
Let q(c) = c**3 + 62*c**2 + 18. What is q(-62)?
18
Let s(z) = -6*z + 1. Give s(4).
-23
Let f(s) = s**2 - 16*s + 25. Calculate f(14).
-3
Let c(z) = 7*z + 56. Give c(-9).
-7
Let j(q) = 3*q**2 + 10*q + 19. Calculate j(-9).
172
Let s(y) = -20*y - 20. Give s(-6).
100
Let o(f) = -f**2 - 11*f + 30. What is o(-12)?
18
Let o(x) = 3*x**2 - 1. What is o(-1)?
2
Let r(c) = -6*c - 46. Determine r(-14).
38
Let y(p) = -p**3 + 4*p**2 - p + 7. Give y(4).
3
Let f(o) = o**2 - 17*o + 18. Determine f(12).
-42
Let s(v) = -24*v - 368. Calculate s(-15).
-8
Let k(u) = u**2 - 12*u + 5. Give k(10).
-15
Let h(s) = s**2 + 10*s - 6. Determine h(-8).
-22
Let p(c) = 35*c + 307. What is p(-10)?
-43
Let b(j) = j**2 + 10*j - 107. Calculate b(6).
-11
Let s(p) = 2*p - 25. Calculate s(-11).
-47
Let k(n) = -9*n**2 - 3*n - 4. Give k(-1).
-10
Let g(x) = -73*x**3 + 2*x + 1. Calculate g(-1).
72
Let c(r) = -2*r - 2. Calculate c(1).
-4
Let l(g) = -7*g + 17. What is l(-6)?
59
Let d(a) = a**3 + 5*a**2 + 4*a + 71. Calculate d(-6).
11
Let h(a) = -a**3 + 15*a**2 + a + 1. Determine h(15).
16
Let r(f) = f**2 - 4*f - 16. Calculate r(6).
-4
Let v(d) = d**3 - 13*d**2 - 13*d - 14. Give v(14).
0
Let l(h) = -23*h**2 - h + 1. Determine l(1).
-23
Let r(o) = o**2 + 2*o - 4. Calculate r(-4).
4
Let h(v) = -v**3 + 8*v**2 - 9*v - 12. What is h(6)?
6
Let z(h) = 5*h - 82. Give z(16).
-2
Let u(a) = a**3 + 7*a**2 + 6*a - 2. Determine u(-5).
18
Let u(d) = -5*d**2 - 6*d + 6. Calculate u(-5).
-89
Let q(p) = -p**3 - 16*p**2 - 47. Determine q(-16).
-47
Let m(x) = -x**2 + 30*x + 145. Determine m(34).
9
Let g(q) = -2*q + 20. Give g(11).
-2
Let j(o) = -o**2 - 2*o - 1. Determine j(-2).
-1
Let c(y) = 4*y**2 - 3*y + 3. Give c(2).
13
Let n(q) = q**3 + 75*q**2 + 148*q + 150. Determine n(-73).
4
Let n(y) = -y**3 - 6*y**2 + 7*y + 6. Determine n(-6).
-36
Let b(r) = -2*r + 2. Calculate b(-2).
6
Let k(d) = d**2 - 15*d - 25. Determine k(13).
-51
Let o(i) = -15*i**2 + 3*i - 2. Determine o(1).
-14
Let t(j) = 4*j + 8. Calculate t(-6).
-16
Let q(o) = 2*o**2 + 4*o - 7. Determine q(-6).
41
Let n(f) = f**3 - 19*f**2 - 16*f + 12. What is n(20)?
92
Let n(m) = -13*m - 25. What is n(5)?
-90
Let s(n) = -n**3 - 13*n**2 - 2*n - 28. Calculate s(-13).
-2
Let b(c) = -8*c + 2. Give b(-1).
10
Let m(u) = -27*u - 2. Calculate m(1).
-29
Let u(z) = z**3 + 8*z**2 + 13*z - 5. Calculate u(-5).
5
Let s(m) = -2*m**3 + 6*m**2 - 6*m + 18. Calculate s(4).
-38
Let p(w) = 8*w - 5. What is p(8)?
59
Let g(j) = 4*j - 5. Give g(4).
11
Let g(a) = -3*a + 25. What is g(7)?
4
Let v(j) = -j**3 + 7*j**2 + 2*j - 5. What is v(7)?
9
Let f(s) = -28*s**2 - s - 1. Give f(-1).
-28
Let f(r) = 2*r**3 - r**2 - r + 1. Calculate f(1).
1
Let i(k) = 2*k**2 - 45*k - 67. Calculate i(24).
5
Let t(u) = u**3 + 4*u**2 - u + 3. Calculate t(-5).
-17
Let z(h) = 2*h**2 + 20*h - 